the highest common divisor of 34287 and 33?
33
What is the greatest common divisor of 315 and 1239?
21
What is the greatest common divisor of 20584 and 713?
31
What is the highest common factor of 2939376 and 12540?
2508
What is the greatest common divisor of 399 and 591717?
399
Calculate the greatest common factor of 744 and 276272.
248
What is the greatest common factor of 1482 and 237614?
494
What is the highest common divisor of 27 and 16020?
9
Calculate the highest common divisor of 250674 and 615.
123
Calculate the highest common factor of 5744 and 37695.
359
What is the highest common divisor of 38068 and 9734?
62
Calculate the highest common factor of 75504 and 96.
48
What is the greatest common divisor of 5754 and 168?
42
What is the highest common factor of 103 and 5919101?
103
What is the greatest common factor of 16 and 81584?
16
Calculate the highest common factor of 4191 and 1023.
33
What is the greatest common divisor of 8466 and 27506?
34
What is the highest common factor of 1065 and 16472?
71
What is the highest common factor of 6192 and 5040?
144
Calculate the highest common factor of 52 and 273572.
52
What is the highest common divisor of 144 and 11754?
18
Calculate the greatest common divisor of 324 and 1148148.
108
What is the greatest common divisor of 30558 and 528?
66
Calculate the greatest common factor of 739488 and 72.
24
What is the highest common divisor of 111376 and 128?
16
What is the highest common divisor of 2209464 and 424?
424
What is the greatest common factor of 29 and 1141469?
29
Calculate the highest common divisor of 584 and 2428856.
584
Calculate the greatest common factor of 11410 and 126.
14
What is the highest common divisor of 41080 and 312?
104
Calculate the greatest common divisor of 257298 and 2886.
222
Calculate the greatest common divisor of 24139 and 1673.
239
What is the highest common factor of 27 and 106317?
9
Calculate the greatest common factor of 18060 and 1890.
210
Calculate the greatest common divisor of 216 and 1176.
24
What is the highest common factor of 140 and 3414740?
140
Calculate the highest common divisor of 5212 and 788.
4
What is the greatest common factor of 66 and 23331?
33
What is the greatest common divisor of 114 and 3474?
6
What is the highest common divisor of 174 and 77981?
29
Calculate the greatest common divisor of 4 and 65532.
4
What is the highest common factor of 275 and 24860?
55
Calculate the greatest common factor of 1677 and 4797.
39
What is the greatest common divisor of 103 and 927?
103
What is the greatest common divisor of 17 and 238986?
17
What is the highest common factor of 40388 and 92?
92
What is the greatest common divisor of 135852 and 276?
12
What is the greatest common divisor of 12 and 133158?
6
Calculate the greatest common factor of 1463 and 112442.
209
Calculate the highest common factor of 6798 and 228042.
618
What is the greatest common factor of 112 and 33656?
56
What is the highest common factor of 504 and 984?
24
Calculate the highest common factor of 5915 and 595.
35
What is the greatest common divisor of 30668 and 102?
34
What is the greatest common factor of 66365 and 260?
65
Calculate the highest common factor of 637 and 11637353.
637
Calculate the greatest common factor of 87357 and 6.
3
What is the highest common divisor of 2 and 281818?
2
What is the highest common divisor of 31 and 3193?
31
What is the highest common divisor of 1242 and 738?
18
What is the highest common factor of 66 and 3784550?
22
What is the greatest common factor of 242716 and 56?
4
What is the greatest common factor of 60 and 13236?
12
Calculate the highest common divisor of 5832 and 104.
8
What is the greatest common divisor of 139934 and 61?
61
Calculate the greatest common factor of 156 and 11510538.
78
What is the highest common factor of 330 and 3153975?
165
Calculate the greatest common divisor of 147 and 31507.
49
What is the highest common factor of 1198366 and 26?
26
Calculate the greatest common factor of 2800 and 24850.
350
What is the greatest common factor of 120 and 2085?
15
Calculate the highest common factor of 962 and 120731.
481
What is the highest common factor of 13511294 and 401?
401
What is the greatest common divisor of 32895 and 144?
9
Calculate the greatest common divisor of 168 and 2114.
14
What is the greatest common factor of 143 and 1924?
13
What is the greatest common divisor of 24512 and 1944?
8
What is the greatest common divisor of 55488 and 10176?
192
Calculate the greatest common divisor of 126198 and 684.
342
Calculate the greatest common factor of 587493 and 1458.
81
What is the highest common factor of 2835 and 15750?
315
Calculate the greatest common factor of 18 and 1340721.
9
What is the greatest common factor of 87696 and 423?
9
What is the greatest common divisor of 3424 and 1728?
32
Calculate the greatest common factor of 225 and 723.
3
What is the greatest common divisor of 6630 and 4080?
510
What is the greatest common factor of 5568 and 7134?
174
Calculate the greatest common divisor of 69930 and 120.
30
What is the greatest common factor of 13600 and 18785?
85
Calculate the greatest common factor of 46 and 136896.
46
What is the greatest common divisor of 177 and 865825?
59
Calculate the greatest common factor of 59824 and 336.
16
What is the highest common factor of 12897 and 216?
9
Calculate the highest common factor of 3611 and 207.
23
What is the highest common factor of 480 and 368?
16
What is the greatest common divisor of 13 and 1991665?
13
Calculate the greatest common factor of 914 and 3165182.
914
What is the highest common divisor of 45 and 3049965?
45
Calculate the highest common divisor of 4944 and 176.
16
What is the greatest common divisor of 151178 and 2421?
269
Calculate the highest common divisor of 766260 and 12.
12
What is the greatest common factor of 86684 and 468?
52
Calculate the greatest common divisor of 30 and 104094.
6
What is the highest common factor of 84900 and 3900?
300
Calculate the greatest common factor of 20412 and 247131.
729
Calculate the greatest common divisor of 334 and 6722.
2
Calculate the highest common divisor of 40 and 190408.
8
Calculate the greatest common divisor of 8130 and 5520.
30
Calculate the highest common divisor of 1763 and 40385.
41
Calculate the greatest common factor of 35325 and 12645.
45
Calculate the greatest common divisor of 220 and 1308.
4
What is the greatest common divisor of 25 and 546575?
25
Calculate the greatest common factor of 78119 and 1719.
191
What is the highest common divisor of 1053 and 969813?
1053
Calculate the greatest common factor of 508 and 1552.
4
Calculate the greatest common factor of 41423 and 46.
23
What is the highest common divisor of 46721 and 456?
19
Calculate the highest common factor of 63874 and 879.
293
Calculate the highest common divisor of 76698 and 18.
18
Calculate the highest common factor of 6308 and 27556.
332
Calculate the highest common factor of 17835 and 725.
145
What is the greatest common divisor of 21935 and 128125?
205
Calculate the greatest common factor of 4746 and 18.
6
Calculate the highest common divisor of 20 and 4610.
10
What is the highest common divisor of 4051 and 11?
1
What is the greatest common factor of 4 and 2434?
2
What is the highest common divisor of 206594 and 53?
53
Calculate the greatest common divisor of 636972 and 42.
42
What is the highest common divisor of 1210 and 259787?
121
Calculate the greatest common divisor of 9 and 913737.
3
What is the greatest common divisor of 328 and 1413598?
82
Calculate the highest common divisor of 876 and 499101.
219
Calculate the highest common divisor of 851 and 1073.
37
Calculate the greatest common divisor of 225 and 65955.
15
Calculate the greatest common factor of 5718 and 2343427.
953
Calculate the highest common factor of 2665 and 65.
65
Calculate the greatest common divisor of 4 and 88444.
4
What is the highest common factor of 151918 and 1209?
13
What is the greatest common factor of 9883 and 5?
1
Calculate the highest common divisor of 63 and 1998423.
63
What is the greatest common factor of 4653 and 629189?
517
What is the highest common factor of 165590 and 510?
10
What is the greatest common factor of 1884 and 1200?
12
C